r when 75 is divided by (-18)/i + 537/15.
1
Let l(x) = 4*x + 19. Let a be l(-5). Let p(h) = -h**2 - 8*h + 8. Calculate the remainder when p(-7) is divided by (32 - 5)*a/(-3).
6
Suppose -4*y + 401 = 5*i, 0 = -5*y - 5*i + 175 + 325. Calculate the remainder when (y/(-12))/((-3)/(-288)*-2) is divided by 25.
21
Suppose 106*d - 4134 = 67*d. Calculate the remainder when d is divided by -5*3*258/(-90).
20
Suppose -1506 = 156*k - 162*k. Let l = k + -238. Calculate the remainder when 245 is divided by l.
11
Let g = 744 - 737. What is the remainder when (11/2)/((-3)/(-18)) is divided by g?
5
Let d be 13 - -125 - (0 + 3). Suppose -l = 5*i - d, -4*l + 34 = i - 12. Calculate the remainder when i is divided by 14.
12
Calculate the remainder when (6 - 6) + 2830 + (-18 - -12) is divided by 123.
118
Suppose -217*v + 80731 = -614320. What is the remainder when v is divided by 41?
5
Let f = -29290 + 31163. What is the remainder when f is divided by 207?
10
Let i(m) = m**3 + 11*m**2 + 9*m - 3. Suppose 3*d = 4*z, 2*z - 31 = 7*z + 4*d. Let s = -13 - z. What is the remainder when 17 is divided by i(s)?
3
Suppose -3*o - o = -4*c + 2068, 4*o - 5*c + 2073 = 0. Let s = -498 - o. Suppose -t - 2*t + 159 = 0. What is the remainder when t is divided by s?
11
Let n(p) = 13*p**2 - 630*p - 1889. What is the remainder when 600 is divided by n(-3)?
10
Suppose 0 = 35*p - 13869 + 9144. What is the remainder when 1605 is divided by p?
120
Suppose -6*i + 24*i = 0. Suppose i = -5*d + 4*w + 80, 3*d - 4*w = 50 - 2. What is the remainder when 25 is divided by d?
9
Let p be 2*2/4*(-343)/(-7). Let k = p - 50. Let a(s) = 46*s**2 - 1. Calculate the remainder when a(k) is divided by 24.
21
Suppose 20*p = 12*p + 56. Suppose 3*j + 3*s + 3 = 0, -j - 6*s + 2*s = -2. Let c(r) = 2*r**2 - 2*r - 1. Calculate the remainder when c(j) is divided by p.
4
Let a = 1604 + -1206. Calculate the remainder when a is divided by 50.
48
Suppose -2*f = x - 3*x + 432, -3*x + 628 = f. Let q = x + -152. What is the remainder when 293 is divided by q?
57
Let i(n) be the first derivative of -17*n**2/2 + 255*n - 207. Calculate the remainder when 235 is divided by i(14).
14
Calculate the remainder when 5 is divided by 5/(20/16) - 4/((-24)/(-6)).
2
Let u(o) = -o**3 + 24*o**2 + 2*o - 24. What is the remainder when 194/6 - (-44)/66 is divided by u(24)?
9
What is the remainder when 1304 is divided by (-215)/((0 - -1) + (-21 - (-1015)/58))?
14
What is the remainder when 329 is divided by (-10 - 495/(-44))*4?
4
Suppose -123 = -105*p + 102*p. Suppose 3*z + p = 215. What is the remainder when 345 is divided by z?
55
Suppose n = -2*n + t + 3, t + 3 = n. Suppose 4*b + 5*j - 106 = n, -5*b + 6*j + 112 = 2*j. What is the remainder when (-5 - -5) + b + 1 is divided by 15?
10
Let t(z) = -4*z**2 - 6*z - 17. Let v be t(-4). Calculate the remainder when (-4750)/v + 8/(-6) is divided by 14.
12
Let l(j) = 3*j**3 + 37*j**2 - 69*j + 24. What is the remainder when l(9) is divided by 16?
11
Suppose 3*p - 5*z + 2 = -6, 0 = -p - 5*z + 4. Calculate the remainder when (-213)/(-15) + p/5 is divided by (-4)/(364/39) + (-38)/(-7).
4
Suppose -2*x + 5*q - 6 = 0, -3*x - 4*q + 16 = x. Calculate the remainder when x + 4 + (-60)/(-3) is divided by 8.
2
Let v = -425 + 452. Suppose 3*g - 32 = -g. Calculate the remainder when v is divided by g.
3
Let s(u) = 2*u - 2. Suppose 0 = -c + 5*g - 10, 4*c + 3*g - 526 = -497. Calculate the remainder when s(8) is divided by c.
4
Let c(l) = l**3 - 41*l**2 + 178*l + 77. Calculate the remainder when 432 is divided by c(36).
2
Let z(g) = 3*g - 34. Let q be z(12). Suppose q*c - 5*c = -4*i + 944, 0 = i - c - 237. Let a = -50 + i. What is the remainder when a is divided by 37?
35
Let i be 1 - (2 - (-2 + 3)) - -16. Suppose y - i*y = -525. What is the remainder when 173 is divided by y?
33
Let w(f) = 3*f**2 + 2*f + 4. Calculate the remainder when (-1880)/(-14) + 135 + -148 - 2/7 is divided by w(-3).
21
Suppose -3*j + 58 = -j - 2*p, -2*j + 4*p = -52. Let b(c) = -61*c + 3780. Calculate the remainder when b(60) is divided by j.
24
Calculate the remainder when (231*28/(-63))/((-8)/444) is divided by 76.
74
Suppose 2*f + 72 = 3*p, 0 = 155*p - 153*p + 2*f - 8. Suppose -5*l = -3*x + 140, l + 3 = -2*l. Calculate the remainder when x is divided by p.
13
Let k = 12062 + -10424. Calculate the remainder when k is divided by 20.
18
Suppose -2*g = 3*k - 30498, -74*k = -5*g - 69*k + 76270. Calculate the remainder when g is divided by 29.
27
Let t = -11394 - -11522. What is the remainder when t is divided by 10?
8
Calculate the remainder when (-52)/(-100)*5 + (-48202)/(-55) is divided by 173.
14
Suppose -220*x + 212*x = -32. Suppose -f = -4*l + x*f + 13, 0 = -3*f + 9. Let u(r) = r**2 + 46. Calculate the remainder when u(0) is divided by l.
4
Suppose 0 = 364*s - 2506 - 18970. Suppose -2*b = -0*b + 2, 3*l - 3*b = 1590. Calculate the remainder when l is divided by s.
57
Let l(a) = -5*a**2 + 2*a - 21. Let i be l(3). Calculate the remainder when ((-216)/i)/(3/40) is divided by 10.
8
Let w(y) = 411*y + 900. Calculate the remainder when 376 is divided by w(-2).
64
Let j = 1116 + -945. What is the remainder when j is divided by (264/9)/(-1)*(-24)/16?
39
Suppose 7*h = -q + 672, 2*q + 10*h = 12*h + 1392. Calculate the remainder when q is divided by 101.
87
Let z(i) = 5*i**2 - 19*i + 108. Let f be z(18). Suppose -22*b = -f + 110. Calculate the remainder when b is divided by 29.
0
Let z = -189 + 222. Let t be 7756/20 + (-3)/(-15). What is the remainder when 1*t/16*4 is divided by z?
31
Suppose 2*k - 964 = -2*k. Let l(x) = -4*x**3 + 35*x**2 + 53*x - 314. What is the remainder when k is divided by l(9)?
77
Suppose -199*t = -355233 + 135935. Calculate the remainder when t is divided by 85.
82
Suppose 41 = 34*d - 95. Suppose -5*r - 1654 = -d*t + 685, -4*t + 2340 = -4*r. What is the remainder when t is divided by 84?
82
Let d be (-1 - -8) + 1 - 1. Let r(k) be the third derivative of k**5/60 - k**4/8 - k**3 - 161*k**2. Calculate the remainder when r(d) is divided by 12.
10
Let r(b) be the third derivative of b**5/60 - 11*b**4/8 - 5*b**3/3 + 10*b**2. What is the remainder when 76 is divided by r(34)?
4
Suppose 0 = -2*t - 5*l + 15, -2*t - 77 = 19*l + 34. Calculate the remainder when 927 is divided by t.
27
Suppose 5*o = -3*w + 196, -12*o = -3*w - 9*o + 180. Suppose 16*q + w = 18*q + t, q - t = 31. Calculate the remainder when 117 is divided by q.
24
What is the remainder when 678 is divided by -1 + (-20)/(-16) - (-1406)/8?
150
Let g be (-4)/(-36) - 3768/(-108). Suppose 26*h - g*h = -234. What is the remainder when 154 is divided by h?
24
Let q(x) = x - 1. Let o be q(9). Let a(r) = r**3 - 8*r**2 + 4*r - 11. Let w be a(o). Suppose -11 = -4*u + w. What is the remainder when 45 is divided by u?
5
Let k = 48 - -259. Let y = 328 - k. What is the remainder when 31 is divided by y?
10
Let z = -1507 - -8390. Calculate the remainder when z is divided by 3437.
9
Suppose -17*a - 8*a + 6275 = 0. What is the remainder when a is divided by 11?
9
Suppose -d = 25*d - 8684. Let q = 347 - d. Calculate the remainder when 128 is divided by q.
11
Suppose -4*g = -2*d + 34, 44 = d + d + g. What is the remainder when ((-180)/(-315))/(8/2044) is divided by d?
20
What is the remainder when (-3)/27 - 840196/(-252) is divided by 1109?
7
Let o = -20 + 0. Suppose 5*s = -0*s + 90. Calculate the remainder when (o + 21)*(-23)/(-2)*6 is divided by s.
15
Let u be 57/38*(-130)/3. Let j = -58 - u. Calculate the remainder when 256 is divided by j.
4
Let j = -2490 - -2557. Calculate the remainder when 337 is divided by j.
2
What is the remainder when 2103/(-6)*(2 - (22 - 12)) is divided by 15?
14
Suppose -7*s = -25*s - 142 + 826. What is the remainder when 877 is divided by s?
3
Let z = -16741 - -16906. Calculate the remainder when 515 is divided by z.
20
Suppose -75*g + 3096 = 471. What is the remainder when g is divided by 14?
7
Let q(w) = 34*w - 1117. What is the remainder when 198 is divided by q(35)?
52
Let f(x) = x**3 + 2*x**2 - 3*x - 4. Suppose 2*v + 2*d - 456 = 0, 5*v = -8*d + 5*d + 1148. Let l = 292 - v. Calculate the remainder when l is divided by f(3).
28
Let g be (-45)/3 - (2 - 8). What is the remainder when (4/10)/(4/1180) is divided by ((-20)/(-6))/(-5) + (-222)/g?
22
Let v = -68 + 68. 